16, what is d + -c9?
-bc
In base 11, what is 3 - -6?
9
In base 15, what is -21 + 44?
23
In base 10, what is 110 + 4?
114
In base 14, what is -1 + -6b?
-6c
In base 16, what is 2 + -9?
-7
In base 5, what is 32 + -3410?
-3323
In base 15, what is 7c - 2a?
52
In base 14, what is -19 - -1a?
1
In base 13, what is -96 - 3?
-99
In base 11, what is 0 + 115?
115
In base 7, what is 46 + -11?
35
In base 3, what is 12112 - -1101?
20220
In base 8, what is 3 + -52?
-47
In base 11, what is -1a68 + -5?
-1a72
In base 4, what is 22022 + 131?
22213
In base 12, what is 7 + -b5?
-aa
In base 8, what is -33 + -4?
-37
In base 16, what is 8 - -20?
28
In base 9, what is -3 - 32?
-35
In base 7, what is -15 - -3552?
3534
In base 7, what is 14 - -112?
126
In base 3, what is -111002 - 1?
-111010
In base 2, what is 1000010000 + 1000?
1000011000
In base 5, what is 10 + 1030?
1040
In base 10, what is -2 - -42?
40
In base 11, what is 7327 - -1?
7328
In base 5, what is 1120210 - -1?
1120211
In base 13, what is 0 + -49?
-49
In base 14, what is -3 + -d4?
-d7
In base 6, what is 20 - 3002?
-2542
In base 4, what is 12 + 3123?
3201
In base 4, what is -103112 + 1?
-103111
In base 3, what is 1 + -121?
-120
In base 16, what is 2 - 1fc2?
-1fc0
In base 9, what is -5 - -186?
181
In base 4, what is 3 - -10?
13
In base 11, what is 55 + -439?
-394
In base 11, what is -4 - -155?
151
In base 11, what is -41 + 1?
-40
In base 3, what is -221 - -10?
-211
In base 10, what is -2812 + -4?
-2816
In base 16, what is 8 - 3?
5
In base 13, what is 382 + -6?
379
In base 3, what is -1 + -10001?
-10002
In base 3, what is 220012100 - 11?
220012012
In base 4, what is -222 - -2?
-220
In base 12, what is 82 + -6?
78
In base 2, what is 0 - 1?
-1
In base 3, what is 111 - -102?
220
In base 5, what is -14 + 21?
2
In base 2, what is 0 + 100011?
100011
In base 3, what is 20011 + 21?
20102
In base 6, what is -1433 + 5?
-1424
In base 3, what is 0 - -2121?
2121
In base 2, what is 10 + 100100001100?
100100001110
In base 4, what is -102 + -10133?
-10301
In base 3, what is -10 - 22100?
-22110
In base 15, what is 260 - 13?
24c
In base 12, what is -1a - -4?
-16
In base 10, what is 268 - -9?
277
In base 12, what is 792 - 1?
791
In base 8, what is -3 + 52?
47
In base 6, what is 24 + -3?
21
In base 16, what is 2 - 85?
-83
In base 14, what is 1 + 13?
14
In base 4, what is -100 + 110?
10
In base 9, what is -1120 - 0?
-1120
In base 9, what is 1 + -1?
0
In base 6, what is 214 - 101?
113
In base 15, what is -10 + 5?
-a
In base 16, what is 279b + -3?
2798
In base 9, what is -2 + 4?
2
In base 16, what is -1477 + 3?
-1474
In base 4, what is 22300 + 3?
22303
In base 14, what is 2c4 - 7?
2bb
In base 16, what is -3e3 + 4?
-3df
In base 11, what is 69 + -12?
57
In base 10, what is -55 + 93?
38
In base 11, what is 885 - -5?
88a
In base 6, what is 341 - -5?
350
In base 11, what is 71 + 4?
75
In base 16, what is 2 + -95?
-93
In base 10, what is -297 - -9?
-288
In base 5, what is 1130 + 10?
1140
In base 15, what is -3d - -5?
-38
In base 10, what is 1 + -2439?
-2438
In base 15, what is -8 - 3ed?
-406
In base 7, what is 2 - 14?
-12
In base 12, what is 3b1 + -4?
3a9
In base 2, what is 100 - -1000010100?
1000011000
In base 6, what is -2345 + 3?
-2342
In base 9, what is -6 + -10?
-16
In base 9, what is -44 - -26?
-17
In base 13, what is -3 + 1?
-2
In base 6, what is 2 + 1013?
1015
In base 8, what is -4161 + 2?
-4157
In base 15, what is 5 + 1?
6
In base 12, what is -4 + -285?
-289
In base 4, what is 30 - -1311?
2001
In base 14, what is -3 + -38?
-3b
In base 10, what is 2 - -97?
99
In base 16, what is 2 + -95?
-93
In base 5, what is -4 + -1311?
-1320
In base 12, what is a9 + 4?
b1
In base 10, what is -34 + 4?
-30
In base 3, what is 202 - 10?
122
In base 12, what is 4 + -32?
-2a
In base 6, what is -5 + -3332?
-3341
In base 6, what is 33 - -412?
445
In base 9, what is 35 + -144?
-108
In base 10, what is -2581 - 5?
-2586
In base 13, what is 9 + 18c?
198
In base 6, what is 100355 - 2?
100353
In base 14, what is -6 - -136?
130
In base 2, what is 100100 - 1?
100011
In base 5, what is 4 + 43302?
43311
In base 16, what is 112f - -1?
1130
In base 11, what is 5 - 3295?
-3290
In base 15, what is 2 + 213?
215
In base 12, what is -8a00 + 2?
-89ba
In base 8, what is -4 - -1?
-3
In base 11, what is -876 - -2?
-874
In base 4, what is 330 - 2?
322
In base 7, what is -10 + -13?
-23
In base 3, what is -22 + -10002202?
-10010001
In base 11, what is -1 - -65?
64
In base 2, what is -10 + -1101?
-1111
In base 11, what is -1 - -678?
677
In base 3, what is 221220 + 11?
222001
In base 16, what is -13 + d?
-6
In base 10, what is 911 - 10?
901
In base 7, what is 203 + -3?
200
In base 8, what is 6516 - -4?
6522
In base 6, what is -3 - -144?
141
In base 13, what is 1b0 + 4?
1b4
In base 7, what is -1 + -1530?
-1531
In base 2, what is -1011 - 110011?
-111110
In base 4, what is 133 + -11?
122
In base 8, what is 1 + 7?
10
In base 11, what is 3 - -18?
20
In base 6, what is -10 - 154?
-204
In base 10, what is 35 - -4?
39
In base 5, what is 2 + -24?
-22
In base 5, what is 4 - -4?
13
In base 15, what is 7 + -a37?
-a30
In base 15, what is -1797 + -1?
-1798
In base 15, what is 9 - -1?
a
In base 15, what is -1 - 9?
-a
In base 8, what is 4 + 246?
252
In base 4, what is -22 + 111?
23
In base 10, what is 16 + 2?
18
In base 5, what is -1140 + 11?
-1124
In base 4, what is 3310 - 11?
3233
In base 9, what is 33 - 31?
2
In base 10, what is -1248 - -16?
-1232
In base 10, what is 19 - 229?
-210
In base 12, what is 6 - -142?
148
In base 14, what is 9a8 + 0?
9a8
In base 12, what is 3 - 28?
-25
In base 10, what is 726 - -3?
729
In base 11, what is 2a + 13?
42
In base 10, what is 11 - 246?
-235
In base 6, what is 15 - -4301?
4320
In base 9, what is 0 - 4?
-4
In base 12, what is 809 - 5?
804
In base 10, what is -2 - 55?
-57
In base 2, what is -10000101 + 110000?
-1010101
In base 6, what is 121303 + 5?
121312
In base 14, what is 13 - 2?
11
In base 6, what is 5 + -5?
0
In base 5, what is -423 - -10?
-413
In base 9, what is 226 + 26?
253
In base 15, what is -12 + -c2?
-d4
In base 4, what is -21 - 222?
-303
In base 2, what is 100110 + 10010?
111000
In base 16, what is 21e3 - -4?
21e7
In base 16, what is -2d7 + 4?
-2d3
In base 15, what is 2 + 206?
208
In base 15, what is c - 6?
6
In base 6, what is -141 + 44?
-53
In base 10, what is 25 + -6?
19
In base 6, what is 3 - -2243?
2250
In base 9, what is -4 - -13?
8
In base 14, what is 20a + -1?
209
In base 16, what is -1 - d8?
-d9
In base 13, what is -27b + 32?
-249
In base 16, what is -1 - -2353?
2352
In base 9, what is -37 + 71?
33
In base 12, what is 2836 - -4?
283a
In base 2, what is -10 - -111010111010?
111010111000
In base 3, what is 21 + -12?
2
In base 2, what is 100 - -101111101?
110000001
In base 11, what is 415a + 6?
4165
In base 11, what is 72 - 10?
62
In base 10, what is 33 + -15?
18
In base 4, what is -1 + -103?
-110
In base 14, what is 12 - 2?
10
In base 3, what is -121211202 - 12?
-121211221
In base 9, what is 7 + -57?
-50
In base 3, what is 2 + -1210101?
-1210022
In base 9, what is 131 - 8?
122
In base 7, what is -133 - -1?
-132
In base 6, what is -10 - -4114?
4104
In base 4, what is -20321 - 10?
-20331
In base 10, what is -4 - 5?
-9
In base 14, what is -104 - 0?
-104
In base 5, what is -143 - -430?
232
In base 3, what is -21 - 12?
-110
In base 6, what is 200 + 152?
352
In base 5, what is -2 + -310?
-312
In base 15, what is -55 + 2?
-53
In base 5, what is 111 - 11?
100
In base 9, what is 47 + 4?
52
In base 8, what is 377 - 0?
377
In base 16, what is 3f + -3?
3c
In base 3, what is 1 + -2102?
-2101
In base 5, what is -4 + -4313?
-4322
In base 4, what is -32 - 1120?
-1212
In base 7, what is -5 + 55?
50
In base 12, what is a - 137?
-129
In base 10, what is -1 - 380?
-381
In base 10, what is 3 + 63?
66
In base 13, what is -7 - 12a5?
-12ac
In base 16, what is 2 + 11b?
11d
In base 14, what is -1 - 17d?
-180
In base 9, what is 153 - -8?
162
In base 9, what is -1051 - 4?
-1055
In base 4, what is 12 + -12013?
-12001
In base 15, what is 7 + 63?
6a
In base 10, what is 84 - 157?
-73
In base 11, what is 21 - a?
12
In base 15, what is 5 - 73?
-6d
In base 13, what is -144 + 5?
-13c
In base 3, what is -1000 + -2?
-1002
In base 7, what is 0 + -3?
-3
In base 14, what 